 + 11, -h = 4*y - 32. Calculate the remainder when t is divided by h.
10
Suppose -5*i = -97 - 273. What is the remainder when i is divided by 15?
14
Suppose -s - s + 66 = 0. Calculate the remainder when s is divided by 1*(12 - (-10)/(-2)).
5
Suppose -21*i + 52 = -19*i. Let g = 36 - 14. Suppose -3*s + 20 = -g. Calculate the remainder when i is divided by s.
12
Let u = 5 - -5. Let v = 19 - 16. Calculate the remainder when u is divided by ((-4)/10)/(v/(-30)).
2
Let r = 60 - 33. Suppose 11*d + 6 = 12*d. What is the remainder when r is divided by d?
3
Suppose -7*w - 6 = -34. Calculate the remainder when 12 is divided by w.
0
Let r = 120 - 85. What is the remainder when r is divided by 9?
8
Let p(f) = -2*f**3 - 5*f**2 + f - 1. Let j(t) = t**3 + 5*t**2 - 4*t + 8. Let r be j(-6). Calculate the remainder when p(r) is divided by 11.
10
Suppose -12*w + 15*w = 39. Calculate the remainder when 38 is divided by w.
12
What is the remainder when 40 is divided by (-6)/2*23/(-3)?
17
Let c = -23 + 30. Calculate the remainder when 20 is divided by c.
6
Suppose 2*x - 74 = -5*n - 0, -4*x + n + 192 = 0. Calculate the remainder when x is divided by 6.
5
Suppose -2*x + 65 = 1. Let u = x - 20. What is the remainder when u is divided by 5?
2
Let m = -24 - -48. Let z(f) = 3 + 25*f**2 - 11 - 4*f + 0*f - m*f**2. What is the remainder when 14 is divided by z(6)?
2
Let x be (-1)/3*(-81)/9. What is the remainder when (1 - (x - 0))*-28 is divided by 15?
11
Let d(x) = 2*x**2 - 8*x + 11. Calculate the remainder when d(5) is divided by 11.
10
Let q = -3 - 6. What is the remainder when 84 is divided by 7/(21/q) + 20?
16
Let j = -11 - -3. Let u(q) = -137*q - 6. Let n be u(j). Calculate the remainder when 1/3 + n/15 is divided by 25.
23
Let x(d) = 3*d**2 - 6*d + 0*d + 0*d**2 + 0*d**2. What is the remainder when x(4) is divided by 13?
11
Suppose -4*d = -2*a - 58, 0*d - 2*d = 3*a - 9. Let t = 130 + -108. Calculate the remainder when t is divided by d.
10
Suppose -l + 6*l = 0. Suppose l = 6*h - 5*h - 45. Let t(c) = -4*c - 4. What is the remainder when h is divided by t(-4)?
9
Suppose -20*x = 87 - 487. Calculate the remainder when 217 is divided by x.
17
Suppose 54 = 2*w + 4*w. What is the remainder when 22 is divided by w?
4
Suppose 4*m + 29 = 3*b - 28, 3*b - 72 = 5*m. Let v be m/6*(-8)/10. Suppose -10 - v = 4*w, 2*q - 5*w - 37 = 0. What is the remainder when 20 is divided by q?
9
Suppose 0 = 15*z - 92 - 118. Calculate the remainder when 208 is divided by z.
12
Suppose -j = -4*j. Suppose -3*s + j*s - h = -32, h + 4 = 0. What is the remainder when 22 is divided by s?
10
Let c(a) = 2*a + 9. What is the remainder when c(4) is divided by 6?
5
Suppose b = -2*b. Suppose o + 26 = -j - b*j, -3*o - 43 = -4*j. Calculate the remainder when 3 - 7/(o/150) is divided by 18.
17
What is the remainder when 26 is divided by 14/(-3)*(-6)/4?
5
Let i(v) = 6*v - 69. Calculate the remainder when i(20) is divided by 24.
3
Let u(g) = -g**2 - 8*g - 5. Let b be u(-7). Suppose 0 = -w - b*f + 1, 0 = w - 5*f + 16 + 4. What is the remainder when (-1 + -4)*22/w is divided by 8?
6
Let o(i) = 5*i. Suppose 0*r + r + 8 = 0. Let y = r + 12. Calculate the remainder when o(2) is divided by y.
2
Let g(s) = -s**3 - 12*s**2 - 11*s + 7. Let j(y) = -y**2 + 3*y + 7. Let a be j(-3). Calculate the remainder when g(a) is divided by 3.
1
Let u(r) = r + 20. What is the remainder when u(-5) is divided by 3?
0
What is the remainder when 5 is divided by (-40)/(-15) + 3/((-9)/2)?
1
Let q(y) = -y**2 - 4*y - 6. Let o be q(-4). Let h(u) = -u**3 - 5*u**2 + 5*u + 15. What is the remainder when h(o) is divided by 6?
3
Let u(y) = -y**2 + 6*y - 1. Let p be (-15)/(-2 + 2 - 1). Let o = p + -9. Calculate the remainder when o is divided by u(5).
2
What is the remainder when 9 + (-1 - 0) - (-7 - -4) is divided by 7?
4
Suppose -4*b - 4*x - 24 = -7*b, -2*b - 2*x + 30 = 0. Suppose -2*a = 2*a - b. What is the remainder when 7 is divided by a?
1
Suppose -4*t = -47 - 61. Calculate the remainder when 51 is divided by t.
24
Suppose w + 67 = 3*h - w, 3*w - 61 = -4*h. What is the remainder when 37 is divided by h?
18
Let h(z) = z**3 + 7*z**2 + 6*z - 6. What is the remainder when 2 - (1/1 + -26) is divided by h(-5)?
13
What is the remainder when 3*4/24*82 is divided by 22?
19
Let v = 2 - 1. Let b(z) = 7*z + 14. Let d(r) = 8*r + 15. Let g(j) = 7*b(j) - 6*d(j). What is the remainder when g(-7) is divided by v?
0
Let d(i) = -4 + 4*i**2 + i**3 + 3*i + 0*i**3 - i**3 - i**3. Let w = 13 + -9. Calculate the remainder when d(w) is divided by 5.
3
Let f be ((-8)/14)/(6/(-21)). Let c be -7*(-1 + f)*1. Let u = 8 + c. Calculate the remainder when 2 is divided by u.
0
Suppose 3*t = -0*t + 5*p + 53, -3*t + 3*p = -51. What is the remainder when t is divided by (-1480)/(-259) + (4/14)/1?
4
Let v = -13 + 30. Suppose 6*c - 2*c = 124. What is the remainder when c is divided by v?
14
Suppose 0 = -4*o + 2*g - 4*g + 160, -2*o = 2*g - 80. Suppose 1 = -3*s + o. Let n(u) = u**2 - 2*u + 4. Calculate the remainder when s is divided by n(3).
6
Let p(f) = -f + 19. Calculate the remainder when p(-7) is divided by 9.
8
Let g be 4 - (1 - 1 - -2). Suppose y + 4*o = -2*y + 75, -5*o - 50 = -g*y. Suppose -6*p = -0*p - 54. Calculate the remainder when y is divided by p.
7
Let v(o) = -o**3 + 6*o**2 + o + 2. Let u be v(5). Let f = -23 + u. Calculate the remainder when f is divided by 19 - 15 - (1 + 0).
0
Suppose -5*l + n + 9 = -2*n, 4*l + n - 14 = 0. Let m = 14 - 5. What is the remainder when m is divided by l?
0
Suppose 3*t - 39 = 2*t. Calculate the remainder when 113 is divided by t.
35
Let c(p) = p**3 - 10*p**2 + 10*p + 9. Calculate the remainder when 69 is divided by c(9).
15
Let n(i) = -2*i - 11. Let x be n(-8). Suppose k = -x, 0*j - k - 16 = -j. Suppose -12 = -2*f - f. Calculate the remainder when j is divided by f.
3
Let s(a) = -a**3 - 2*a**2 - 2*a + 11. What is the remainder when 32 is divided by s(0)?
10
Let i(a) = a**3 - 8*a**2 - 3*a + 8. Let q be i(8). What is the remainder when 127/4 - 4/q is divided by 17?
15
Suppose n = -5*a + 9 + 30, 3*n - 78 = -2*a. Suppose -6 = -5*l + 2*m + n, 4*l - 27 = m. What is the remainder when 31 is divided by l?
7
Let q(g) be the second derivative of 3*g**3/2 + 2*g**2 + g. Suppose -5*n + 70 = 3*b, -14 = -n + 7*b - 5*b. Calculate the remainder when q(4) is divided by n.
12
What is the remainder when 10 is divided by (-2)/(-6)*3*(3 + 2)?
0
Calculate the remainder when 2/(-2)*(-1 + -52) is divided by 18.
17
Let g(k) = -k**2 - 13*k - 1. Suppose 0 = 2*f + 6, 4*v - 2*v - 4*f = 34. What is the remainder when g(-11) is divided by v?
10
Let i(y) = 4*y**2 - y + 1. Let w be i(3). Suppose -31 = -4*c - d, -c + w = 3*c + 2*d. What is the remainder when c is divided by 5?
2
Let t = 19 - 11. Let r(a) = a**3 - 8*a**2 + 2*a - 9. Calculate the remainder when r(t) is divided by 4.
3
Let a be (-981)/(-45) + 1/5. Let c = a - 9. What is the remainder when c is divided by 5?
3
Suppose 2*v = -2*v + 12. Suppose 0 = -y + 5*h + 7, -5*y - 5*h + 35 = -8*h. Let g = y + v. What is the remainder when 28 is divided by g?
8
Let q(n) = n**2 + 4*n - 1. Let t be q(-4). What is the remainder when t + -2 + 0 + 41 is divided by 13?
12
Suppose 0 = -5*l + 4*k + 93, -5*l + 0*l + 5*k = -95. Calculate the remainder when 30 is divided by l.
13
Let v = -1 + 3. What is the remainder when 1 - -30 - (v + -3) is divided by 18/2 + 7 + -5?
10
Suppose 2*p + 5*p - 630 = 0. Suppose -d + 6 + 74 = 5*v, 3*d = -5*v + p. Calculate the remainder when v is divided by 4.
3
Suppose 73 = 4*u - 3. Calculate the remainder when 55 is divided by u.
17
Suppose 23 = -t + 5*g, -24 = -5*g + 1. Suppose 2*i + t*i - 2*c = 110, -65 = -3*i - 2*c. Calculate the remainder when i is divided by 14.
11
Let g = -5 + 9. Suppose 5*s = -g - 1. What is the remainder when (s - 1)*(-138)/12 is divided by 8?
7
Suppose -3*n + 45 = -4*o, -o + 49 - 19 = 3*n. Let v = 25 - 5. What is the remainder when v is divided by n?
9
Let c(r) = -r**2 + 12*r + 16. Let a be (-37)/(-3) - (-26)/39. What is the remainder when 3 is divided by c(a)?
0
Let b(m) = m**2 - 19*m - 27. Calculate the remainder when 44 is divided by b(21).
14
Let p be (1 - (-4)/(-2))*-2. Let z be (3 - 4)*0/p. Suppose -2*d + 11 - 5 = z. Calculate the remainder when 11 is divided by d.
2
Suppose